
List the prime factors of 182516094.
2, 3, 1733, 5851
List the prime factors of 3994179848.
2, 19, 769, 34171
List the prime factors of 768569391.
3, 31, 71, 479
List the prime factors of 152810773.
17, 29, 18233
What are the prime factors of 183016160?
2, 5, 1143851
What are the prime factors of 50554878?
2, 3, 11, 765983
List the prime factors of 29757344.
2, 17, 19, 2879
What are the prime factors of 595040831?
7, 11, 41, 188483
List the prime factors of 949540.
2, 5, 197, 241
What are the prime factors of 383565282?
2, 3, 63927547
What are the prime factors of 524552725?
5, 29, 61, 409
List the prime factors of 26675053.
26675053
What are the prime factors of 15382093?
17, 29, 41, 761
List the prime factors of 435293165.
5, 31, 193, 14551
What are the prime factors of 845746018?
2, 13, 23, 1414291
What are the prime factors of 34130026?
2, 7, 2437859
List the prime factors of 4272610654.
2, 13, 499, 329321
What are the prime factors of 19531941?
3, 11, 13, 4139
List the prime factors of 29694590.
2, 5, 31, 95789
What are the prime factors of 122386039?
271, 451609
What are the prime factors of 8691736?
2, 419, 2593
What are the prime factors of 674736929?
25717, 26237
What are the prime factors of 4305614247?
3, 11, 3691, 11783
List the prime factors of 56129828.
2, 257, 54601
What are the prime factors of 543639353?
109, 1787, 2791
List the prime factors of 36365201.
31, 79, 479
What are the prime factors of 2536995954?
2, 3, 521, 857, 947
List the prime factors of 23733486.
2, 3, 7, 20929
What are the prime factors of 11236405?
5, 17, 163, 811
What are the prime factors of 24456162?
2, 3, 4076027
List the prime factors of 272391525.
3, 5, 7, 57649
What are the prime factors of 1319120453?
7, 193, 976403
List the prime factors of 146028574.
2, 137, 532951
What are the prime factors of 201824509?
41, 109, 45161
List the prime factors of 566310382.
2, 11, 37, 89, 7817
What are the prime factors of 191067402?
2, 3, 509, 62563
What are the prime factors of 205680475?
5, 7, 11, 13, 8219
What are the prime factors of 291880365?
3, 5, 7, 1399, 1987
List the prime factors of 800785890.
2, 3, 5, 8897621
What are the prime factors of 57596731?
17, 3388043
List the prime factors of 53183306.
2, 11, 2417423
List the prime factors of 30568682.
2, 19, 167, 4817
What are the prime factors of 71717896?
2, 8964737
List the prime factors of 10740474.
2, 3, 596693
What are the prime factors of 991452867?
3, 330484289
List the prime factors of 1104668414.
2, 83, 449, 14821
List the prime factors of 3516298.
2, 1758149
List the prime factors of 2414861853.
3, 804953951
List the prime factors of 121881706.
2, 433, 140741
What are the prime factors of 2274096691?
5807, 391613
List the prime factors of 3780843899.
7, 540120557
What are the prime factors of 123206573?
7, 59, 269, 1109
What are the prime factors of 2343068502?
2, 3, 283, 509, 2711
What are the prime factors of 27647985?
3, 5, 47, 39217
List the prime factors of 2581652668.
2, 7, 557, 165533
What are the prime factors of 4974265?
5, 994853
List the prime factors of 72539875.
5, 29, 20011
What are the prime factors of 1206085511?
1206085511
List the prime factors of 116894044.
2, 53, 551387
List the prime factors of 54192827.
13, 37, 61, 1847
What are the prime factors of 55090832?
2, 3443177
What are the prime factors of 33171438?
2, 3, 1481, 3733
List the prime factors of 81466413.
3, 7, 3879353
What are the prime factors of 482664191?
59, 691, 11839
What are the prime factors of 1172709117?
3, 37, 1173883
What are the prime factors of 388259110?
2, 5, 19, 131, 821
What are the prime factors of 79954116?
2, 3, 11, 109, 5557
What are the prime factors of 37881434?
2, 18940717
What are the prime factors of 3429860?
2, 5, 7, 24499
What are the prime factors of 91812222?
2, 3, 89, 223, 257
List the prime factors of 880417776.
2, 3, 7, 43, 60937
What are the prime factors of 284002819?
541, 524959
What are the prime factors of 11071001?
953, 11617
What are the prime factors of 103655439?
3, 53, 217307
List the prime factors of 1605470856.
2, 3, 11, 29, 209701
List the prime factors of 143847736.
2, 109, 164963
What are the prime factors of 44714143?
29, 1541867
What are the prime factors of 234959950?
2, 5, 23, 173, 1181
List the prime factors of 81222575.
5, 7, 464129
What are the prime factors of 520160606?
2, 7, 19, 1955491
What are the prime factors of 95835000?
2, 3, 5, 6389
What are the prime factors of 154107472?
2, 61, 157897
What are the prime factors of 5415831748?
2, 73, 1049, 17681
What are the prime factors of 6552618?
2, 3, 1092103
What are the prime factors of 321454619?
101, 3182719
What are the prime factors of 432257156?
2, 43, 2513123
List the prime factors of 62326304.
2, 53, 36749
What are the prime factors of 36263334?
2, 3, 73, 82793
What are the prime factors of 3290613415?
5, 17, 38713099
List the prime factors of 102032598.
2, 3, 257, 66169
List the prime factors of 933110980.
2, 5, 46655549
What are the prime factors of 3366699?
3, 7, 160319
List the prime factors of 2405605515.
3, 5, 160373701
What are the prime factors of 117008269?
7, 59, 73, 3881
List the prime factors of 414608300.
2, 5, 113, 36691
What are the prime factors of 308887653?
3, 317, 379, 857
What are the prime factors of 452469346?
2, 7, 32319239
List the prime factors of 1469464877.
137, 10726021
List the prime factors of 1201597060.
2, 5, 17, 1237, 2857
What are the prime factors of 47871107?
47871107
List the prime factors of 311380193.
311380193
What are the prime factors of 2939780771?
7213, 407567
What are the prime factors of 812801348?
2, 17, 37, 323053
What are the prime factors of 63873101?
709, 90089
List the prime factors of 14205281.
14205281
What are the prime factors of 63992013?
3, 113, 188767
List the prime factors of 3059197038.
2, 3, 839, 67523
List the prime factors of 181627180.
2, 5, 7, 1297337
List the prime factors of 2510647321.
7, 13, 37, 43, 17341
What are the prime factors of 52049254?
2, 41, 634747
List the prime factors of 7356895462.
2, 7, 151, 673, 5171
List the prime factors of 80542618.
2, 13, 3097793
List the prime factors of 3153582553.
11, 73, 3927251
What are the prime factors of 73296310?
2, 5, 577, 12703
List the prime factors of 110816027.
7, 1789, 8849
List the prime factors of 21208101.
3, 151, 46817
What are the prime factors of 4456971296?
2, 6277, 22189
What are the prime factors of 272771976?
2, 3, 31, 229, 1601
What are the prime factors of 62329218?
2, 3, 7, 23, 113, 571
What are the prime factors of 433980636?
2, 3, 59, 612967
List the prime factors of 441454813.
43, 283, 36277
What are the prime factors of 532104765?
3, 5, 41, 865211
What are the prime factors of 101440710?
2, 3, 5, 7, 161017
List the prime factors of 268707401.
2999, 89599
List the prime factors of 362134240.
2, 5, 13, 151, 1153
What are the prime factors of 1155236288?
2, 18050567
List the prime factors of 3272071085.
5, 2237, 292541
What are the prime factors of 347570605?
5, 31, 163, 13757
What are the prime factors of 2491587384?
2, 3, 11, 13, 41, 17707
List the prime factors of 325645245.
3, 5, 181, 13327
What are the prime factors of 56544535?
5, 41, 275827
What are the prime factors of 582096963?
3, 7, 73, 431, 881
What are the prime factors of 1188739694?
2, 594369847
What are the prime factors of 139192181?
139192181
List the prime factors of 104510395.
5, 11, 1900189
List the prime factors of 27768565.
5, 11, 17, 1747
List the prime factors of 2251698377.
197, 877, 13033
What are the prime factors of 3858569482?
2, 43, 44867087
List the prime factors of 1885733.
1885733
List the prime factors of 26086239.
3, 966157
What are the prime factors of 23166459?
3, 53, 16189
What are the prime factors of 1476936010?
2, 5, 11, 521, 25771
List the prime factors of 713968944.
2, 3, 13, 23, 49747
List the prime factors of 891996176.
2, 55749761
List the prime factors of 47276006.
2, 43, 241, 2281
What are the prime factors of 1369511087?
7, 31, 97, 65063
List the prime factors of 526297971.
3, 101, 379, 4583
List the prime factors of 19050697.
19050697
List the prime factors of 6487444941.
3, 599, 3610153
What are the prime factors of 214275105?
3, 5, 11, 313, 461
What are the prime fa